False
Is 3170721217 a composite number?
False
Is 843667261 a composite number?
False
Is 1806669317 a prime number?
False
Is 18500803 composite?
False
Is 49917221 a prime number?
False
Is 308262439099 a composite number?
True
Is 45364140985 composite?
True
Is 16762051073 composite?
False
Is 88653857 a prime number?
False
Is 18737794619 composite?
True
Is 81615759941 prime?
False
Is 376295767109 a composite number?
True
Is 3044541193 a composite number?
True
Is 139294464307 prime?
True
Is 842974079 composite?
True
Is 6043357057 composite?
True
Is 102670109467 a composite number?
False
Is 29971082209 prime?
False
Is 37444711279 a prime number?
True
Is 1262783037 a composite number?
True
Is 8582543023 composite?
True
Is 65774938127 a prime number?
True
Is 212899521 composite?
True
Is 1865210579 a prime number?
False
Is 247598051 prime?
False
Is 38262136114 a prime number?
False
Is 29003252777 composite?
False
Is 14085473 a prime number?
True
Is 13153747057 composite?
True
Is 24647220077 a composite number?
False
Is 2470916293 a composite number?
False
Is 4857872891 prime?
True
Is 45900571307 a composite number?
False
Is 32151120223 prime?
False
Is 671214097 a prime number?
False
Is 44036386379 prime?
True
Is 3081884929 a prime number?
True
Is 638371828249 a composite number?
False
Is 5893891 prime?
True
Is 1736610899 composite?
False
Is 32340020411 a composite number?
False
Is 4067328439 a composite number?
True
Is 554443601 composite?
False
Is 16364365807 a prime number?
False
Is 4857144893 prime?
True
Is 1878436031 composite?
True
Is 915393499 prime?
True
Is 508045007 composite?
True
Is 4524893761 composite?
False
Is 140179119623 composite?
True
Is 7884821081 composite?
False
Is 28244975705 composite?
True
Is 22708789889 a prime number?
True
Is 939943757 prime?
False
Is 1828526803 composite?
True
Is 1267455313 prime?
False
Is 12186889261 a composite number?
True
Is 1059362455 a prime number?
False
Is 1706125079 a prime number?
False
Is 32589568471 composite?
False
Is 82996409 prime?
True
Is 9762392473 composite?
True
Is 362228897 a composite number?
True
Is 5336585621 composite?
False
Is 2332250279 composite?
True
Is 71107633837 composite?
True
Is 676889393 composite?
False
Is 75643135733 a composite number?
True
Is 5975217247 composite?
True
Is 7197667189 prime?
False
Is 144739852241 prime?
True
Is 3458074297 composite?
False
Is 2329723411 a prime number?
False
Is 165513368777 a composite number?
False
Is 3705897631 a prime number?
True
Is 1624579919 composite?
False
Is 823260803 a composite number?
False
Is 7541434003 a composite number?
False
Is 401376799 a prime number?
True
Is 2664558535 a composite number?
True
Is 17189142271 a prime number?
False
Is 1228704193 prime?
True
Is 3685041809 a composite number?
True
Is 28089286921 prime?
False
Is 5513406077 prime?
True
Is 174663689 prime?
True
Is 5705632239 a prime number?
False
Is 80204116337 a prime number?
True
Is 15568308869 a prime number?
True
Is 42077016019 a prime number?
False
Is 793506521 a prime number?
True
Is 638603587 composite?
True
Is 343737479 composite?
False
Is 1380074921 composite?
False
Is 459478399 prime?
False
Is 3205379027 prime?
True
Is 3974156357 a prime number?
False
Is 120654881 a composite number?
True
Is 27794240791 a prime number?
False
Is 1340687789 composite?
True
Is 179276093 a prime number?
False
Is 122165599273 composite?
True
Is 4140758039 a composite number?
True
Is 32996052469 a prime number?
True
Is 42504527077 composite?
True
Is 218894279 prime?
False
Is 795955753 prime?
False
Is 8421453041 composite?
True
Is 5572219 composite?
True
Is 1781638217 a prime number?
True
Is 837018283 composite?
True
Is 1754013841 composite?
False
Is 2221787771 composite?
True
Is 1834416527 composite?
False
Is 15816112747 prime?
True
Is 66030472535 a composite number?
True
Is 19492236989 a composite number?
True
Is 39882654113 a composite number?
True
Is 26617601431 prime?
False
Is 216023261 a prime number?
True
Is 643935059 a composite number?
True
Is 6506445305 a composite number?
True
Is 5227321901 composite?
False
Is 85843961 composite?
True
Is 23574621547 composite?
False
Is 14212765477 a prime number?
True
Is 4517140753 prime?
True
Is 6291526151 composite?
True
Is 90509713927 a composite number?
False
Is 76461029 prime?
True
Is 34048982177 a prime number?
False
Is 3538811111 a composite number?
True
Is 83257903 a composite number?
False
Is 8733840223 a prime number?
False
Is 40397402495 composite?
True
Is 3500263693 prime?
True
Is 1818964541 a composite number?
False
Is 189634154573 composite?
True
Is 4666821247 a prime number?
False
Is 6979379867 a prime number?
False
Is 2812829311 composite?
False
Is 80626613377 composite?
True
Is 510377899 composite?
False
Is 16430108246 a composite number?
True
Is 315709906 a composite number?
True
Is 34510273229 a prime number?
False
Is 36398038931 a composite number?
False
Is 1106627647 composite?
False
Is 1754921361 prime?
False
Is 27640979 prime?
False
Is 27055247 composite?
False
Is 435395269 prime?
True
Is 14510038639 a composite number?
True
Is 62737101283 prime?
True
Is 1354395649 composite?
True
Is 277185643 prime?
False
Is 9093339089 a prime number?
False
Is 51454759 composite?
False
Is 901535179 composite?
False
Is 904088461 composite?
False
Is 659860735 composite?
True
Is 2799588263 a prime number?
False
Is 4759521293 prime?
True
Is 2071890043 a prime number?
True
Is 6353569649 composite?
True
Is 33787841 a composite number?
False
Is 42233449 a prime number?
True
Is 10934750767 composite?
False
Is 10710589 a composite number?
False
Is 2861812781 composite?
False
Is 13855459919 prime?
False
Is 12671295433 a prime number?
False
Is 29424014837 a composite number?
True
Is 1788740939 a prime number?
False
Is 1294733533 prime?
False
Is 8377485595 a composite number?
True
Is 288997641755 composite?
True
Is 1110193949 a prime number?
True
Is 168959929 prime?
True
Is 687455191 composite?
True
Is 1093104169 composite?
True
Is 8483349881 prime?
False
Is 375820801 a prime number?
False
Is 6125777303 a prime number?
True
Is 172084728671 a prime number?
True
Is 159609954821 composite?
False
Is 50262469 prime?
False
Is 3946234777 a composite number?
True
Is 1415449297 prime?
True
Is 831108871 composite?
False
Is 1673410187 a composite number?
False
Is 1234725923 a composite number?
True
Is 2311944857 composite?
True
Is 18419613 a prime number?
False
Is 2654726273 a prime number?
False
Is 46117590221 prime?
True
Is 125271272957 composite?
False
Is 20304064499 prime?
False
Is 12332826419 a composite number?
False
Is 51534427543 prime?
True
Is 45025247717 a composite number?
False
Is 1292197609 a prime number?
False
Is 2709883447 a prime number?
False
Is 52452181 a prime number?
True
Is 1935930929 a prime number?
True
Is 2064010877 composite?
False
Is 1030406749 a prime number?
True
Is 1131534829 a prime number?
False
Is 1094122697 composite?
True
Is 20101058183 a composite number?
True
Is 48465511717 a composite number?
True
Is 20227015001 composite?
False
Is 524490773 prime?
False
Is 27165540907 composite?
False
Is 36422186558 composite?
True
Is 32790247153 a composite number?
False
Is 298398767 a composite number?
False
Is 38782197371 composite?
False
Is 22727122057 a composite number?
False
Is 24489297451 a prime number?
True
Is 4265293303 a prime number?
True
Is 1887365843 a prime number?
False
Is 95914057 composite?
False
Is 10319119 prime?
False
Is 3912296953 a prime number?
True
Is 3519560977 prime?
True
Is 14555278723 composite?
True
Is 14965057223 a composite number?
False
Is 70810366043 a prime number?
False
Is 184407039381 composite?
True
Is 1381073399 prime?
True
Is 22011658727 prime?
True
Is 3424238471 composite?
False
Is 3214902667 a composite number?
False
Is 18160330989 a composite number?
True
Is 31177332973 a prime number?
True
Is 410116141 a composite number?
False
Is 10644197327 prime?
False
Is 8764114391 a prime number?
True
Is 19244390413 a composite number?
True
Is 184509466793 prime?
True
Is 2414569627 prime?
True
Is 23916436891 a composite number?
False
Is 900048329 prime?
True
Is 401587103 a composite number?
True
Is 331032659 a prime number?
False
Is 16407147137 prime?
True
Is 648749377 a composite number?